rue
Is 2393 composite?
False
Is 31793 composite?
False
Is 14761 composite?
True
Is 95371 a prime number?
False
Is 3109 a prime number?
True
Is 13385 a composite number?
True
Is 22081 a composite number?
True
Is 728653 a composite number?
True
Is 274811 a composite number?
False
Is 909151 a composite number?
False
Is 408623 composite?
False
Is 196271 prime?
True
Is 76631 a composite number?
False
Is 3554 composite?
True
Is 11131 a composite number?
False
Is 56549 a prime number?
False
Is 32711 a composite number?
True
Is 151583 a prime number?
False
Is 7297 composite?
False
Is 2361977 a prime number?
True
Is 34807 a prime number?
True
Is 5381 a composite number?
False
Is 31883 a prime number?
True
Is 11447 prime?
True
Is 14591 a composite number?
False
Is 20201 composite?
False
Is 44177 prime?
False
Is 608767 composite?
False
Is 487 a prime number?
True
Is 689665 composite?
True
Is 36629 composite?
False
Is 70753 a composite number?
False
Is 128569 composite?
True
Is 69097 prime?
False
Is 28637 a composite number?
True
Is 270493 composite?
False
Is 12149 a composite number?
False
Is 10055 a prime number?
False
Is 16255 composite?
True
Is 651017 a composite number?
False
Is 76267 prime?
False
Is 144659 composite?
False
Is 211921 a composite number?
True
Is 1222303 a prime number?
False
Is 78977 a prime number?
True
Is 202667 a prime number?
True
Is 1254871 prime?
False
Is 10279 composite?
True
Is 1304783 composite?
False
Is 160309 a composite number?
False
Is 110974 composite?
True
Is 1027139 a composite number?
False
Is 51033 prime?
False
Is 2217 prime?
False
Is 28277 composite?
False
Is 234439 prime?
False
Is 157 a prime number?
True
Is 40787 a composite number?
False
Is 106531 a prime number?
True
Is 1511 a prime number?
True
Is 4861 prime?
True
Is 7563 a prime number?
False
Is 30769 composite?
True
Is 479 a composite number?
False
Is 81427 composite?
True
Is 384277 a composite number?
False
Is 19121 a prime number?
True
Is 399827 prime?
False
Is 9661 a composite number?
False
Is 248163 a composite number?
True
Is 143137 a composite number?
False
Is 47339 composite?
False
Is 161 a prime number?
False
Is 10555 composite?
True
Is 195731 composite?
False
Is 58271 prime?
True
Is 6139 a composite number?
True
Is 21179 composite?
False
Is 27177 prime?
False
Is 1277 prime?
True
Is 3817 a composite number?
True
Is 4037 composite?
True
Is 19181 composite?
False
Is 10783 prime?
False
Is 30967 prime?
False
Is 325709 prime?
True
Is 73417 a composite number?
False
Is 2411693 a prime number?
True
Is 10229 a composite number?
True
Is 425359 a prime number?
False
Is 142181 prime?
False
Is 285607 composite?
True
Is 1488013 composite?
True
Is 114343 a prime number?
True
Is 809 prime?
True
Is 56299 a prime number?
True
Is 2599 a composite number?
True
Is 252537 composite?
True
Is 3833 a composite number?
False
Is 5129 composite?
True
Is 78977 composite?
False
Is 6614 composite?
True
Is 976553 prime?
True
Is 309119 prime?
False
Is 32059 a prime number?
True
Is 582593 a prime number?
False
Is 74257 a composite number?
False
Is 98251 composite?
False
Is 7666673 a composite number?
True
Is 328253 a composite number?
True
Is 85193 a prime number?
True
Is 5323 a prime number?
True
Is 17663 a composite number?
True
Is 216061 a composite number?
False
Is 103951 a prime number?
True
Is 35885 prime?
False
Is 442709 composite?
True
Is 5303 a prime number?
True
Is 93914 prime?
False
Is 7393 prime?
True
Is 2845 composite?
True
Is 48647 composite?
False
Is 88493 prime?
True
Is 190262 prime?
False
Is 991 composite?
False
Is 107311 prime?
False
Is 582421 composite?
True
Is 46106 prime?
False
Is 17569 composite?
False
Is 42587 prime?
False
Is 13309 prime?
True
Is 3442 a prime number?
False
Is 142151 a prime number?
True
Is 20581 composite?
True
Is 3487 composite?
True
Is 411695 prime?
False
Is 126241 composite?
False
Is 17617 prime?
False
Is 25523 composite?
False
Is 387307 a prime number?
True
Is 4155221 a prime number?
False
Is 288559 a prime number?
True
Is 1538323 composite?
True
Is 125183 a composite number?
False
Is 1173223 composite?
False
Is 18169 a prime number?
True
Is 481997 a composite number?
False
Is 1481219 composite?
False
Is 10223 a prime number?
True
Is 21207 a composite number?
True
Is 55 a composite number?
True
Is 9613 a composite number?
False
Is 8311 prime?
True
Is 10427 a composite number?
False
Is 5137 a prime number?
False
Is 48563 a prime number?
True
Is 71507 composite?
True
Is 63901 a prime number?
True
Is 2179 prime?
True
Is 809629 a prime number?
True
Is 3683 a composite number?
True
Is 5639 a composite number?
False
Is 526417 a prime number?
False
Is 29407 prime?
False
Is 25439 a composite number?
False
Is 10907 a prime number?
False
Is 127 a composite number?
False
Is 333143 composite?
True
Is 2105 a prime number?
False
Is 345547 prime?
True
Is 8133 prime?
False
Is 4841 a prime number?
False
Is 25523 composite?
False
Is 44947 prime?
False
Is 44381 prime?
True
Is 2471 prime?
False
Is 191557 composite?
True
Is 541859 a prime number?
True
Is 53771 a composite number?
True
Is 8143 prime?
False
Is 502 composite?
True
Is 34171 a composite number?
False
Is 1633 composite?
True
Is 52489 a prime number?
True
Is 93797 prime?
False
Is 55009 a prime number?
True
Is 8419 prime?
True
Is 38903 prime?
True
Is 303011 prime?
True
Is 28129 a composite number?
True
Is 226991 a composite number?
False
Is 3607 composite?
False
Is 408039 a composite number?
True
Is 2053333 a composite number?
False
Is 178291 prime?
False
Is 29381 composite?
True
Is 21221 a prime number?
True
Is 33951 composite?
True
Is 13907 a composite number?
False
Is 32989 a composite number?
True
Is 461093 a composite number?
False
Is 759599 prime?
True
Is 63637 a prime number?
False
Is 170041 prime?
False
Is 106591 a composite number?
False
Is 42373 prime?
True
Is 6316553 a prime number?
True
Is 120317 composite?
True
Is 4474 prime?
False
Is 28111 a composite number?
False
Is 439783 a composite number?
True
Is 99521 a composite number?
True
Is 564023 prime?
False
Is 62791 composite?
False
Is 13379 composite?
True
Is 43634 composite?
True
Is 63605 prime?
False
Is 371 composite?
True
Is 1306394 composite?
True
Is 202 prime?
False
Is 128279 composite?
True
Is 147083 a prime number?
True
Is 1750555 a composite number?
True
Is 88891 a prime number?
False
Is 4369 a composite number?
True
Is 13341 a composite number?
True
Is 6667 prime?
False
Is 1882315 prime?
False
Is 41129 a prime number?
False
Is 140799 composite?
True
Is 646339 a prime number?
True
Is 252565 composite?
True
Is 24029 composite?
False
Is 16495 a prime number?
False
Is 1399 a prime number?
True
Is 11183 composite?
True
Is 483881 composite?
True
Is 172151 composite?
True
Is 15863 prime?
False
Is 577199 a composite number?
True
Is 94015 composite?
True
Is 110023 prime?
True
Is 6467 prime?
False
Is 81457 prime?
True
Is 113653 prime?
False
Is 78051 a composite number?
True
Is 95377 a composite number?
True
Is 251287 prime?
True
Is 292223 a prime number?
True
Is 38131 prime?
False
Is 98941 prime?
False
Is 116023 a prime number?
False
Is 753731 a composite number?
True
Is 1069 a composite number?
False
Is 82091 prime?
False
Is 135257 a prime number?
True
Is 2915309 prime?
True
Is 3433 composite?
False
Is 62039 prime?
True
Is 9031 a composite number?
True
Is 122377 composite?
True
Is 1524779 a composite number?
True
Is 701957 a prime number?
True
Is 1032793 a prime number?
True
Is 2461 prime?
False
Is 14489 a composite number?
False
Is 301447 prime?
True
Is 192949 a composite number?
False
Is 366393 composite?
True
Is 53155 composite?
True
Is 1061017 a composite number?
True
Is 163037 a composite number?
True
Is 1056689 composite?
True
Is 292913 prime?
False
Is 18301 a composite number?
False
Is 4721 a prime number?
True
Is 23369 a composite number?
False
Is 70097 a composite number?
True
Is 196919 composite?
False
Is 12197 prime?
True
Is 6637 composite?
False
Is 253 a prime number?
False
Is 11391 a prime number?
False
Is 18059 composite?
False
Is 3497797 composite?
True
Is 712883 a composite number?
False
Is 753 a composite number?
True
Is 4987 a prime number?
True
Is 2625641 prime?
True
Is 9703 composite?
True
Is 7411 composite?
False
